{"id":171,"date":"2026-01-10T09:53:46","date_gmt":"2026-01-10T09:53:46","guid":{"rendered":"https:\/\/psychologia-jutra.pl\/?page_id=171"},"modified":"2026-04-24T14:00:31","modified_gmt":"2026-04-24T14:00:31","slug":"gabinet-plazmatyczny-w-lodzi","status":"publish","type":"page","link":"https:\/\/psychologia-jutra.pl\/?page_id=171","title":{"rendered":"Gabinet plazmatyczny w \u0141odzi"},"content":{"rendered":"\n<hr class=\"wp-block-separator has-alpha-channel-opacity\"\/>\n\n\n\n<figure class=\"wp-block-image size-large is-resized\"><img loading=\"lazy\" decoding=\"async\" width=\"683\" height=\"1024\" src=\"https:\/\/psychologia-jutra.pl\/wp-content\/uploads\/2026\/01\/IMG_0826-683x1024.jpg\" alt=\"\" class=\"wp-image-200\" style=\"aspect-ratio:0.6669966910711029;width:800px;height:auto\" srcset=\"https:\/\/psychologia-jutra.pl\/wp-content\/uploads\/2026\/01\/IMG_0826-683x1024.jpg 683w, https:\/\/psychologia-jutra.pl\/wp-content\/uploads\/2026\/01\/IMG_0826-200x300.jpg 200w, https:\/\/psychologia-jutra.pl\/wp-content\/uploads\/2026\/01\/IMG_0826-768x1152.jpg 768w, https:\/\/psychologia-jutra.pl\/wp-content\/uploads\/2026\/01\/IMG_0826.jpg 1024w\" sizes=\"auto, (max-width: 683px) 100vw, 683px\" \/><\/figure>\n\n\n\n<figure class=\"wp-block-image size-large\"><img loading=\"lazy\" decoding=\"async\" width=\"724\" height=\"1024\" src=\"https:\/\/psychologia-jutra.pl\/wp-content\/uploads\/2026\/02\/Bez-nazwy-A41-724x1024.jpg\" alt=\"\" class=\"wp-image-209\" srcset=\"https:\/\/psychologia-jutra.pl\/wp-content\/uploads\/2026\/02\/Bez-nazwy-A41-724x1024.jpg 724w, https:\/\/psychologia-jutra.pl\/wp-content\/uploads\/2026\/02\/Bez-nazwy-A41-212x300.jpg 212w, https:\/\/psychologia-jutra.pl\/wp-content\/uploads\/2026\/02\/Bez-nazwy-A41-768x1086.jpg 768w, https:\/\/psychologia-jutra.pl\/wp-content\/uploads\/2026\/02\/Bez-nazwy-A41-1086x1536.jpg 1086w, https:\/\/psychologia-jutra.pl\/wp-content\/uploads\/2026\/02\/Bez-nazwy-A41.jpg 1414w\" sizes=\"auto, (max-width: 724px) 100vw, 724px\" \/><\/figure>\n\n\n\n<hr class=\"wp-block-separator has-alpha-channel-opacity\"\/>\n\n\n<a class=\"wp-block-read-more\" href=\"https:\/\/psychologia-jutra.pl\/?page_id=171\" target=\"_self\">    <span class=\"screen-reader-text\">: Gabinet plazmatyczny w \u0141odzi<\/span><\/a>\n\n\n<details class=\"wp-block-details is-layout-flow wp-block-details-is-layout-flow\"><summary>W marcu 2026 w \u0141odzi otwarty zosta\u0142 plazmatyczny gabinet terapeutyczny, wyposa\u017cony w systemy stworzone przez mojego nauczyciela \u2013 Mateusza Kurnickiego \u2013 w oparciu o wiedz\u0119 dotycz\u0105c\u0105 funkcjonowania energii i plazmy cia\u0142a oraz zgodnie z za\u0142o\u017ceniami technologii Fundacji dr. Keshe.<br><br>Jest to przestrze\u0144, w kt\u00f3rej mo\u017cliwe jest um\u00f3wienie si\u0119 na indywidualn\u0105 b\u0105d\u017a grupow\u0105 wizyt\u0119 (pary, rodzice z dzie\u0107mi), spotkanie ze mn\u0105 oraz wsp\u00f3lna praca w wyj\u0105tkowym, sprzyjaj\u0105cym g\u0142\u0119bokiej transformacji \u015brodowisku. Centralnym elementem gabinetu jest kapsu\u0142a balansuj\u0105ca, oddzia\u0142uj\u0105ca na emocje wy\u017cszego rz\u0119du oraz wspieraj\u0105ca procesy samoregulacji organizmu.<br><br>Osoba przebywaj\u0105ca w kapsule znajduje si\u0119 w stanie odseparowania od bod\u017ac\u00f3w zewn\u0119trznych \u2013 w poczuciu \u201eoderwania od ziemi\u201d \u2013 co sprzyja pog\u0142\u0119bionemu wgl\u0105dowi w siebie, samopoznaniu oraz harmonizacji cia\u0142a i emocji poprzez nasycenie polami r\u00f3wnowa\u017c\u0105cymi. Wiele os\u00f3b do\u015bwiadcza w jej wn\u0119trzu stan\u00f3w g\u0142\u0119bokiej introspekcji, wyciszenia, a niekiedy intensywnych prze\u017cy\u0107 wewn\u0119trznych; inni rozpoczynaj\u0105 procesy zdrowienia lub odzyskuj\u0105 wewn\u0119trzn\u0105 r\u00f3wnowag\u0119. Jedno pozostaje niezmienne \u2013 osoby otwarte na to do\u015bwiadczenie zauwa\u017caj\u0105 realn\u0105, pozytywn\u0105 zmian\u0119 w sobie.<br><br>Godzinne spotkanie, na jakie sk\u0142ada si\u0119:<br>&#8211; rozmowa przed wej\u015bciem<br>&#8211; pobyt w kapsule ( 20-40 minut, w zale\u017cno\u015bci od potrzeb i ch\u0119ci)<br>&#8211; rozmowa omawiaj\u0105ca, co si\u0119 wydarzy\u0142o i zalecenia na kolejne dni.<br>Koszt: 180 z\u0142.<br><br><br>Je\u017celi czujesz, \u017ce to przestrze\u0144 dla Ciebie, zapraszam do kontaktu: <br>tel. 607366264 <br>Liczba miejsc na dany miesi\u0105c b\u0119dzie mocno ograniczona. <br><\/summary>\n<p><\/p>\n<\/details>\n\n\n\n<hr class=\"wp-block-separator has-alpha-channel-opacity\"\/>\n\n\n\n<p><\/p>\n","protected":false},"excerpt":{"rendered":"","protected":false},"author":1,"featured_media":0,"parent":0,"menu_order":0,"comment_status":"closed","ping_status":"closed","template":"","meta":{"footnotes":""},"class_list":["post-171","page","type-page","status-publish","hentry"],"_links":{"self":[{"href":"https:\/\/psychologia-jutra.pl\/index.php?rest_route=\/wp\/v2\/pages\/171","targetHints":{"allow":["GET"]}}],"collection":[{"href":"https:\/\/psychologia-jutra.pl\/index.php?rest_route=\/wp\/v2\/pages"}],"about":[{"href":"https:\/\/psychologia-jutra.pl\/index.php?rest_route=\/wp\/v2\/types\/page"}],"author":[{"embeddable":true,"href":"https:\/\/psychologia-jutra.pl\/index.php?rest_route=\/wp\/v2\/users\/1"}],"replies":[{"embeddable":true,"href":"https:\/\/psychologia-jutra.pl\/index.php?rest_route=%2Fwp%2Fv2%2Fcomments&post=171"}],"version-history":[{"count":20,"href":"https:\/\/psychologia-jutra.pl\/index.php?rest_route=\/wp\/v2\/pages\/171\/revisions"}],"predecessor-version":[{"id":219,"href":"https:\/\/psychologia-jutra.pl\/index.php?rest_route=\/wp\/v2\/pages\/171\/revisions\/219"}],"wp:attachment":[{"href":"https:\/\/psychologia-jutra.pl\/index.php?rest_route=%2Fwp%2Fv2%2Fmedia&parent=171"}],"curies":[{"name":"wp","href":"https:\/\/api.w.org\/{rel}","templated":true}]}}

Gabinet plazmatyczny w Łodzi

<hr class="wp-block-separator has-alpha-channel-opacity"/>



<figure class="wp-block-image size-large is-resized"><img loading="lazy" decoding="async" width="683" height="1024" src="https://psychologia-jutra.pl/wp-content/uploads/2026/01/IMG_0826-683x1024.jpg" alt="" class="wp-image-200" style="aspect-ratio:0.6669966910711029;width:800px;height:auto" srcset="https://psychologia-jutra.pl/wp-content/uploads/2026/01/IMG_0826-683x1024.jpg 683w, https://psychologia-jutra.pl/wp-content/uploads/2026/01/IMG_0826-200x300.jpg 200w, https://psychologia-jutra.pl/wp-content/uploads/2026/01/IMG_0826-768x1152.jpg 768w, https://psychologia-jutra.pl/wp-content/uploads/2026/01/IMG_0826.jpg 1024w" sizes="auto, (max-width: 683px) 100vw, 683px" /></figure>



<figure class="wp-block-image size-large"><img loading="lazy" decoding="async" width="724" height="1024" src="https://psychologia-jutra.pl/wp-content/uploads/2026/02/Bez-nazwy-A41-724x1024.jpg" alt="" class="wp-image-209" srcset="https://psychologia-jutra.pl/wp-content/uploads/2026/02/Bez-nazwy-A41-724x1024.jpg 724w, https://psychologia-jutra.pl/wp-content/uploads/2026/02/Bez-nazwy-A41-212x300.jpg 212w, https://psychologia-jutra.pl/wp-content/uploads/2026/02/Bez-nazwy-A41-768x1086.jpg 768w, https://psychologia-jutra.pl/wp-content/uploads/2026/02/Bez-nazwy-A41-1086x1536.jpg 1086w, https://psychologia-jutra.pl/wp-content/uploads/2026/02/Bez-nazwy-A41.jpg 1414w" sizes="auto, (max-width: 724px) 100vw, 724px" /></figure>



<hr class="wp-block-separator has-alpha-channel-opacity"/>


<a class="wp-block-read-more" href="https://psychologia-jutra.pl/?page_id=171" target="_self">    <span class="screen-reader-text">: Gabinet plazmatyczny w Łodzi</span></a>


<details class="wp-block-details is-layout-flow wp-block-details-is-layout-flow"><summary>W marcu 2026 w Łodzi otwarty został plazmatyczny gabinet terapeutyczny, wyposażony w systemy stworzone przez mojego nauczyciela – Mateusza Kurnickiego – w oparciu o wiedzę dotyczącą funkcjonowania energii i plazmy ciała oraz zgodnie z założeniami technologii Fundacji dr. Keshe.<br><br>Jest to przestrzeń, w której możliwe jest umówienie się na indywidualną bądź grupową wizytę (pary, rodzice z dziećmi), spotkanie ze mną oraz wspólna praca w wyjątkowym, sprzyjającym głębokiej transformacji środowisku. Centralnym elementem gabinetu jest kapsuła balansująca, oddziałująca na emocje wyższego rzędu oraz wspierająca procesy samoregulacji organizmu.<br><br>Osoba przebywająca w kapsule znajduje się w stanie odseparowania od bodźców zewnętrznych – w poczuciu „oderwania od ziemi” – co sprzyja pogłębionemu wglądowi w siebie, samopoznaniu oraz harmonizacji ciała i emocji poprzez nasycenie polami równoważącymi. Wiele osób doświadcza w jej wnętrzu stanów głębokiej introspekcji, wyciszenia, a niekiedy intensywnych przeżyć wewnętrznych; inni rozpoczynają procesy zdrowienia lub odzyskują wewnętrzną równowagę. Jedno pozostaje niezmienne – osoby otwarte na to doświadczenie zauważają realną, pozytywną zmianę w sobie.<br><br>Godzinne spotkanie, na jakie składa się:<br>&#8211; rozmowa przed wejściem<br>&#8211; pobyt w kapsule ( 20-40 minut, w zależności od potrzeb i chęci)<br>&#8211; rozmowa omawiająca, co się wydarzyło i zalecenia na kolejne dni.<br>Koszt: 180 zł.<br><br><br>Jeżeli czujesz, że to przestrzeń dla Ciebie, zapraszam do kontaktu: <br>tel. 607366264 <br>Liczba miejsc na dany miesiąc będzie mocno ograniczona. <br></summary>
<p></p>
</details>



<hr class="wp-block-separator has-alpha-channel-opacity"/>



<p></p>
